{"id":148,"date":"2010-10-17T12:50:19","date_gmt":"2010-10-17T11:50:19","guid":{"rendered":"http:\/\/www.cbs-service.net\/kb\/?page_id=148"},"modified":"2022-05-23T14:10:20","modified_gmt":"2022-05-23T13:10:20","slug":"arbeitsrecht","status":"publish","type":"page","link":"https:\/\/www.kuesterbund.de\/?page_id=148","title":{"rendered":"Arbeitsrecht und Arbeitssicherheit"},"content":{"rendered":"<h1><span style=\"color: #ff0000;\">&#8212; Seite wird bearbeitet&#8212;<br \/>\n<\/span><\/h1>\n<h2><span style=\"color: #ff0000;\">&#8211;Achtung!&#8211;<br \/>\n&#8211;Nicht alle Links f\u00fchren zu aktuellen Ergebnissen&#8211;<\/span><\/h2>\n<p><strong><span style=\"font-size: medium;\">Hier finden Sie die wichtigsten Texte zum Arbeitsrecht und zur Arbeitssicherheit, den K\u00fcsterdienst betreffend als PDF- oder Word-Dateien:<\/span><\/strong><\/p>\n<p><strong>Kirchliche Dienstvertragsordnung (KDO): <a href=\"http:\/\/www.kuesterbund.de\/wp-content\/uploads\/2010\/10\/520KDOStand10.10.2016.pdf\">520KDO(Stand10.10.2016)<\/a><\/strong><\/p>\n<p><strong><span style=\"font-size: medium;\">KDAVO (alt): <a href=\"http:\/\/www.kuesterbund.de\/wp-content\/uploads\/2010\/10\/527.pdf\">Recht der EKHN 527<\/a><\/span><\/strong><\/p>\n<p><strong><span style=\"font-size: medium;\">Besonderheiten f\u00fcr den K\u00fcsterdienst [Stand 17.12.2014]: <a href=\"http:\/\/www.kuesterbund.de\/wp-content\/uploads\/2010\/10\/532K\u00fcsterdienst.doc\">532K\u00fcsterdienst<\/a><\/span><\/strong><\/p>\n<p><strong><span style=\"font-size: medium;\">Dienstanweisung: <a href=\"http:\/\/www.kuesterbund.de\/wp-content\/uploads\/2010\/10\/Musterdienstanweisung.doc\">Musterdienstanweisung<\/a><\/span><\/strong><\/p>\n<p><strong><span style=\"font-size: medium;\">Stellenbeschreibung: <a href=\"http:\/\/www.kuesterbund.de\/wp-content\/uploads\/2010\/10\/Muster_Stellenbeschreibung_K\u00fcster.doc\">Muster_Stellenbeschreibung_K\u00fcster<\/a><\/span><\/strong><\/p>\n<p><strong><span style=\"font-size: medium;\">Leitfaden f\u00fcr K\u00fcster (Arbeitssicherheit): <a href=\"http:\/\/www.kuesterbund.de\/wp-content\/uploads\/2010\/10\/sp_9_6_1.pdf\">sp_9_6_1<\/a><\/span><\/strong><\/p>\n<p><strong><span style=\"font-size: medium;\"><span style=\"text-decoration: underline;\">Betrieblicher Ersthelfer<\/span>: <a href=\"http:\/\/www.kuesterbund.de\/wp-content\/uploads\/2010\/10\/EH_Anmeldebogen.doc\">EH_Anmeldebogen<\/a><\/span><\/strong><\/p>\n<p><span style=\"font-size: medium;\"><strong>Arbeitgeber muss Ersthelfer bestellen: <a href=\"http:\/\/www.kuesterbund.de\/wp-content\/uploads\/2010\/10\/BGVA1-26.doc\">BGVA1-26<\/a><br \/>\n<\/strong><\/span><\/p>\n<p><strong><span style=\"font-size: medium;\">erm\u00e4chtigte Ausbildungsstellen: <a href=\"http:\/\/www.bg-qseh.de\" target=\"_blank\" rel=\"noopener\">www.bg-qseh.de<\/a><\/span><\/strong><\/p>\n<p><strong><span style=\"font-size: medium;\">empfohlener Verbandk<\/span><\/strong><span style=\"font-size: medium;\"><strong>asten:<\/strong><\/span> <strong><a href=\"http:\/\/www.kuesterbund.de\/wp-content\/uploads\/2010\/10\/Empfohlener-Verbandkasten-nach-DIN-13157.doc\">Empfohlener Verbandkasten nach DIN 13157<\/a>&nbsp;<\/strong><\/p>\n<p><span style=\"font-size: medium;\"><strong>Verbandbuch (einseitig):<a href=\"http:\/\/www.kuesterbund.de\/wp-content\/uploads\/2010\/10\/verbandbuch.pdf\">verbandbuch<\/a><\/strong><\/span><\/p>\n<p><strong>Personalf\u00f6rderungsgesetz:<a href=\"http:\/\/www.kuesterbund.de\/wp-content\/uploads\/2010\/10\/790.pdf\">790<\/a><\/strong><\/p>\n<p><strong><span style=\"font-size: medium;\"><br \/>\n<\/span><\/strong><\/p>\n<p><strong><span style=\"font-size: medium;\">Ebenso k\u00f6nnen Sie unten auf der Seite eine Frage stellen, oder kommentieren. <\/span><\/strong><\/p>\n<p><strong><span style=\"font-size: medium;\"><span style=\"color: #ff0000;\">Der Vorstand wird sich auch Ihrer Fragen annehmen,<br \/>\nbeh\u00e4lt sich allerdings vor&nbsp;Fragen und Kommentare zu l\u00f6schen! <\/span><\/span><\/strong><\/p>\n","protected":false},"excerpt":{"rendered":"<p>&#8212; Seite wird bearbeitet&#8212; &#8211;Achtung!&#8211; &#8211;Nicht alle Links f\u00fchren zu aktuellen Ergebnissen&#8211; Hier finden Sie die wichtigsten Texte zum Arbeitsrecht und zur Arbeitssicherheit, den K\u00fcsterdienst betreffend als PDF- oder Word-Dateien: Kirchliche Dienstvertragsordnung (KDO): 520KDO(Stand10.10.2016) KDAVO (alt): Recht der EKHN 527 Besonderheiten f\u00fcr den K\u00fcsterdienst [Stand 17.12.2014]: 532K\u00fcsterdienst Dienstanweisung: Musterdienstanweisung Stellenbeschreibung: Muster_Stellenbeschreibung_K\u00fcster Leitfaden f\u00fcr K\u00fcster (Arbeitssicherheit): [&hellip;]<\/p>\n","protected":false},"author":6,"featured_media":0,"parent":2,"menu_order":13,"comment_status":"open","ping_status":"closed","template":"","meta":{"footnotes":""},"class_list":["post-148","page","type-page","status-publish","hentry"],"_links":{"self":[{"href":"https:\/\/www.kuesterbund.de\/index.php?rest_route=\/wp\/v2\/pages\/148","targetHints":{"allow":["GET"]}}],"collection":[{"href":"https:\/\/www.kuesterbund.de\/index.php?rest_route=\/wp\/v2\/pages"}],"about":[{"href":"https:\/\/www.kuesterbund.de\/index.php?rest_route=\/wp\/v2\/types\/page"}],"author":[{"embeddable":true,"href":"https:\/\/www.kuesterbund.de\/index.php?rest_route=\/wp\/v2\/users\/6"}],"replies":[{"embeddable":true,"href":"https:\/\/www.kuesterbund.de\/index.php?rest_route=%2Fwp%2Fv2%2Fcomments&post=148"}],"version-history":[{"count":45,"href":"https:\/\/www.kuesterbund.de\/index.php?rest_route=\/wp\/v2\/pages\/148\/revisions"}],"predecessor-version":[{"id":840,"href":"https:\/\/www.kuesterbund.de\/index.php?rest_route=\/wp\/v2\/pages\/148\/revisions\/840"}],"up":[{"embeddable":true,"href":"https:\/\/www.kuesterbund.de\/index.php?rest_route=\/wp\/v2\/pages\/2"}],"wp:attachment":[{"href":"https:\/\/www.kuesterbund.de\/index.php?rest_route=%2Fwp%2Fv2%2Fmedia&parent=148"}],"curies":[{"name":"wp","href":"https:\/\/api.w.org\/{rel}","templated":true}]}}