{"id":10,"date":"2010-10-06T11:42:42","date_gmt":"2010-10-06T10:42:42","guid":{"rendered":"http:\/\/www.cbs-service.net\/kb\/?page_id=10"},"modified":"2025-02-18T18:11:13","modified_gmt":"2025-02-18T17:11:13","slug":"kontakt","status":"publish","type":"page","link":"https:\/\/www.kuesterbund.de\/?page_id=10","title":{"rendered":"Ansprechpartner"},"content":{"rendered":"<p><span style=\"font-size: medium; line-height: 1.3em;\">Der K\u00fcsterbund wird zur Zeit von einem sechsk\u00f6pfigen Vorstand geleitet, der am 19. April 2022 f\u00fcr f\u00fcnf Jahre gew\u00e4hlt wurde:<\/span><\/p>\n<table>\n<tbody>\n<tr style=\"background-color: #1ad2a9;\">\n<td>\u00a0<span style=\"font-size: large;\"><strong><span style=\"color: #ffffff;\">Die Angeh\u00f6rigen des Vorstands<\/span><\/strong><\/span><\/td>\n<\/tr>\n<tr>\n<td><img loading=\"lazy\" decoding=\"async\" class=\"alignleft size-full wp-image-34\" title=\"Schwoebel\" src=\"..\/wp-content\/uploads\/2010\/10\/schwoebel.jpg\" alt=\"\" width=\"120\" height=\"150\" \/><\/p>\n<h4><span style=\"font-size: medium; line-height: 1.3em; color: #1ad2a9;\">Vorsitzender des K\u00fcsterbunds<\/span><\/h4>\n<h3><span style=\"color: #1ad2a9;\"><strong>Carsten Schw\u00f6bel<\/strong><\/span><\/h3>\n<p><span style=\"font-size: medium; line-height: 1.3em;\">Battonnstra\u00dfe 2<br \/>\n60311 Frankfurt am Main<br \/>\nTelefon privat: 069\/13377965<\/span><\/p>\n<p><span style=\"font-size: medium; line-height: 1.3em;\">E-Mail: <a href=\"mailto:Carsten-Schwoebel@gmx.de\">Carsten-Schwoebel@gmx.de<\/a><\/span><\/p>\n<ul>\n<li><span style=\"font-size: medium; line-height: 1.3em;\">\u00d6ffentlichkeitsarbeit<\/span><\/li>\n<li><span style=\"font-size: medium; line-height: 1.3em;\">Vertreter beim VkM<\/span><\/li>\n<li><span style=\"font-size: medium; line-height: 1.3em;\">Vertreter beim DEK<\/span><\/li>\n<\/ul>\n<hr style=\"color: #1ad2a9;\" \/>\n<\/td>\n<\/tr>\n<tr>\n<td><img loading=\"lazy\" decoding=\"async\" class=\"alignleft size-full wp-image-26\" title=\"Augustini\" src=\"..\/wp-content\/uploads\/2010\/10\/augustini.jpg\" alt=\"\" width=\"120\" height=\"150\" \/><\/p>\n<h4><span style=\"font-size: medium; line-height: 1.3em; color: #1ad2a9;\">Stellvertretender Vorsitzender des K\u00fcsterbunds<\/span><\/h4>\n<h3><span style=\"color: #1ad2a9;\"><strong>Dirk Augustini<\/strong><\/span><\/h3>\n<p><span style=\"font-size: medium; line-height: 1.3em;\">St\u00fcckergraben 10<br \/>\n65329 Hohenstein<br \/>\nTelefon: 06120\/6472<\/span><\/p>\n<p><span style=\"font-size: medium; line-height: 1.3em;\">E-Mail: <a href=\"mailto:dirk.augustini@kuesterbund.de\">dirk.augustini@kuesterbund.de<\/a><\/span><\/p>\n<ul>\n<li><span style=\"font-size: medium; line-height: 1.3em;\">Redaktion und Gestaltung des K\u00fcsterblattes<\/span><\/li>\n<li><span style=\"font-size: medium; line-height: 1.3em;\">K\u00fcsterbund-Mitgliederkartei<\/span><\/li>\n<\/ul>\n<hr style=\"color: #1ad2a9;\" \/>\n<\/td>\n<\/tr>\n<tr>\n<td>\n<h4><span style=\"font-size: medium; line-height: 1.3em; color: #1ad2a9;\">Schriftf\u00fchrerin<\/span><\/h4>\n<h3><span style=\"color: #1ad2a9;\"><strong>Heidi Quadrizius<br \/>\n<\/strong><\/span><\/h3>\n<p><span style=\"font-size: medium; line-height: 1.3em;\">Vordergasse 11<br \/>\n35423 Lich<br \/>\nTelefon: 06404\/668457<\/span><\/p>\n<hr style=\"color: #1ad2a9;\" \/>\n<\/td>\n<\/tr>\n<tr>\n<td>\n<h4><span style=\"font-size: medium; line-height: 1.3em; color: #1ad2a9;\">Anmeldungen zu Fachtagungen des K\u00fcsterbundes<\/span><\/h4>\n<h3><span style=\"color: #1ad2a9;\"><strong>Petra Albohn<br \/>\n<\/strong><\/span><\/h3>\n<p><span style=\"font-size: medium; line-height: 1.3em;\">Ludwigsburg 2<br \/>\n35423 Lich<br \/>\nTelefon: 06404\/8084590<\/span><\/p>\n<p><span style=\"font-size: medium; line-height: 1.3em;\">E-Mail: <a href=\"mailto:petra.albohn@kuesterbund.de\">petra.albohn@kuesterbund.de<\/a><\/span><\/p>\n<hr style=\"color: #1ad2a9;\" \/>\n<\/td>\n<\/tr>\n<tr>\n<td>\n<h4><span style=\"font-size: medium; line-height: 1.3em; color: #1ad2a9;\">Beisitzer<\/span><\/h4>\n<h3><span style=\"color: #1ad2a9;\"><strong>Lothar Dittmar<\/strong><\/span><\/h3>\n<p><span style=\"font-size: medium; line-height: 1.3em;\">Klarenthaler Stra\u00dfe 22a<br \/>\n65197 Wiesbaden<br \/>\nTelefon: 0611\/3602848<\/span><\/p>\n<ul>\n<li>Vertreter im Vorstand des DEK<\/li>\n<\/ul>\n<hr style=\"color: #1ad2a9;\" \/>\n<\/td>\n<\/tr>\n<tr>\n<td style=\"text-align: left;\">\n<h4><span style=\"font-size: medium; line-height: 1.3em; color: #1ad2a9;\">Beisitzer<\/span><\/h4>\n<h3><span style=\"color: #1ad2a9;\"><strong>Uwe Drei\u00dfigacker-Aniszewski<\/strong><\/span><\/h3>\n<p><span style=\"font-size: medium; line-height: 1.3em;\">Kaiserstra\u00dfe 56<br \/>\n55116 Mainz<br \/>\nTelefon: 01520\/1735566<\/span><\/p>\n<p><span style=\"font-size: medium; line-height: 1.3em;\">E-Mail: <a href=\"mailto:uwe.dreissigacker@christuskirche-mainz.de\">uwe.dreissigacker@christuskirche-mainz.de<\/a><\/span><\/p>\n<p>&nbsp;<\/td>\n<\/tr>\n<tr style=\"background-color: #1ad2a9;\">\n<td>\u00a0<span style=\"font-size: large;\"><strong><span style=\"color: #ffffff;\">weitere Mitarbeiter des K\u00fcsterbundes au\u00dferhalb des Vorstands<\/span><\/strong><\/span><\/td>\n<\/tr>\n<tr>\n<td style=\"text-align: left;\">\n<h3><span style=\"color: #1ad2a9;\"><strong>Volker Seip<\/strong><\/span><\/h3>\n<p><span style=\"font-size: medium; line-height: 1.3em;\">Telefon: 06142\/43128<\/span><\/p>\n<ul>\n<li><span style=\"font-size: medium; line-height: 1.3em;\">Aus- und Weiterbildung f\u00fcr K\u00fcsterinnen &amp; K\u00fcster<\/span><\/li>\n<\/ul>\n<hr style=\"color: #1ad2a9;\" \/>\n<\/td>\n<\/tr>\n<tr>\n<td style=\"text-align: left;\">\n<h3><span style=\"color: #1ad2a9;\"><strong>Erich R\u00fcckl<\/strong><\/span><\/h3>\n<p><span style=\"font-size: medium; line-height: 1.3em;\">Telefon: 069\/13377965<\/span><\/p>\n<ul>\n<li><span style=\"font-size: medium; line-height: 1.3em;\">Internetseite des K\u00fcsterbunds<\/span><\/li>\n<\/ul>\n<\/td>\n<\/tr>\n<\/tbody>\n<\/table>\n","protected":false},"excerpt":{"rendered":"<p>Der K\u00fcsterbund wird zur Zeit von einem sechsk\u00f6pfigen Vorstand geleitet, der am 19. April 2022 f\u00fcr f\u00fcnf Jahre gew\u00e4hlt wurde: \u00a0Die Angeh\u00f6rigen des Vorstands Vorsitzender des K\u00fcsterbunds Carsten Schw\u00f6bel Battonnstra\u00dfe 2 60311 Frankfurt am Main Telefon privat: 069\/13377965 E-Mail: Carsten-Schwoebel@gmx.de \u00d6ffentlichkeitsarbeit Vertreter beim VkM Vertreter beim DEK Stellvertretender Vorsitzender des K\u00fcsterbunds Dirk Augustini St\u00fcckergraben 10 [&hellip;]<\/p>\n","protected":false},"author":6,"featured_media":0,"parent":119,"menu_order":41,"comment_status":"closed","ping_status":"closed","template":"","meta":{"footnotes":""},"class_list":["post-10","page","type-page","status-publish","hentry"],"_links":{"self":[{"href":"https:\/\/www.kuesterbund.de\/index.php?rest_route=\/wp\/v2\/pages\/10","targetHints":{"allow":["GET"]}}],"collection":[{"href":"https:\/\/www.kuesterbund.de\/index.php?rest_route=\/wp\/v2\/pages"}],"about":[{"href":"https:\/\/www.kuesterbund.de\/index.php?rest_route=\/wp\/v2\/types\/page"}],"author":[{"embeddable":true,"href":"https:\/\/www.kuesterbund.de\/index.php?rest_route=\/wp\/v2\/users\/6"}],"replies":[{"embeddable":true,"href":"https:\/\/www.kuesterbund.de\/index.php?rest_route=%2Fwp%2Fv2%2Fcomments&post=10"}],"version-history":[{"count":112,"href":"https:\/\/www.kuesterbund.de\/index.php?rest_route=\/wp\/v2\/pages\/10\/revisions"}],"predecessor-version":[{"id":924,"href":"https:\/\/www.kuesterbund.de\/index.php?rest_route=\/wp\/v2\/pages\/10\/revisions\/924"}],"up":[{"embeddable":true,"href":"https:\/\/www.kuesterbund.de\/index.php?rest_route=\/wp\/v2\/pages\/119"}],"wp:attachment":[{"href":"https:\/\/www.kuesterbund.de\/index.php?rest_route=%2Fwp%2Fv2%2Fmedia&parent=10"}],"curies":[{"name":"wp","href":"https:\/\/api.w.org\/{rel}","templated":true}]}}